)) + 3/9.
3
Suppose 0 = -2*j + 11 + 127. Suppose 6*d - 612 = -28*d. What is the remainder when j is divided by d?
15
Suppose -3*h - 5*l - 23 = 0, 5*h + 6*l + 21 = 2*l. Let p = h - 1. Let k = p + 20. What is the remainder when k is divided by 7?
4
Let x = -33 + 53. Calculate the remainder when x is divided by 7.
6
Let t(n) = -4*n**2 + 6 + 3*n**2 - 6 - 7*n**3. Let h = -3 + 2. What is the remainder when t(h) is divided by 4?
2
Suppose 0 = -c - 2*g + 42, -c = -5*c - g + 133. Calculate the remainder when 62 is divided by c.
30
Let l(i) = i**2 + 4*i. Let z(g) = g**3 + 8*g**2 - 13*g + 10. Calculate the remainder when z(-9) is divided by l(-6).
10
Let h = 110 - 63. What is the remainder when h is divided by 16?
15
Let h(s) = 113*s - 5. Let q be h(-4). What is the remainder when q/(-9) + 16/72 is divided by 13?
12
Suppose 2*y + 0*y + 2*r = 56, -2*r = -4*y + 88. What is the remainder when (-1)/(-3) - 278/(-3) is divided by y?
21
What is the remainder when 51 is divided by (6/(-5))/((-3)/50 + 0)?
11
Suppose 0 = 5*f + 5*u - u - 15, -3*f = -3*u - 9. Let g = f - -15. Calculate the remainder when 33 is divided by g.
15
Calculate the remainder when 1 is divided by (-1)/((-6)/2)*3.
0
Suppose -247 = -4*h + 273. What is the remainder when h is divided by 22?
20
Let t = -14 - -22. Let q(d) = -d**2 + 9*d + 2. Let g = 13 + -9. What is the remainder when q(t) is divided by g?
2
Let p = 13 - 8. Let h = p - 3. Suppose h*c - 27 = -5*w, -4*c - 11 + 76 = -w. What is the remainder when c is divided by 9?
7
Suppose 108 = -0*g + 3*g. Let l = 56 - g. Calculate the remainder when (-114)/(-3) + 0/(-2) is divided by l.
18
Let z be (4/(-1))/(5 - 3). Let b be ((-4)/6)/((-2)/(-24)). What is the remainder when 11 is divided by ((-9)/(-6) + z)*b?
3
Let u(a) = -a + 10. Calculate the remainder when 30 is divided by u(-7).
13
Let f(l) = -l - 4. Let x be f(-6). Calculate the remainder when x + -2 + 3 - -34 is divided by 10.
7
Let x be 0/(3/(-5 - -2)). Suppose x*d + 3*d - 3 = 0. Suppose -2*o + 5 = p - 0*p, 2*o = -4*p + 14. Calculate the remainder when o is divided by d.
0
Suppose 5*m - 2 + 12 = 0. Let g be (0/(3 + -1))/m. Suppose 0 = n - g*n - 11. What is the remainder when 30 is divided by n?
8
Let u(q) = q**2 - 1. Let o be u(0). Let b = 3 - o. Suppose b*p = -0*s + 3*s, 0 = 4*s - 3*p - 7. Calculate the remainder when 6 is divided by s.
2
Suppose -d = 2*d - 9. Suppose d*o - 102 = -3*o. What is the remainder when o is divided by 6?
5
Let z = -25 - -214. What is the remainder when z is divided by 32?
29
Suppose -2*p - 23 + 79 = 0. Let f = -23 + 38. What is the remainder when p is divided by f?
13
Let w(i) = 34*i**2 - 2*i - 1. What is the remainder when w(-1) is divided by 12?
11
Suppose -33*n = -29*n - 208. Calculate the remainder when n is divided by 19.
14
Let l(o) = 6*o**3 + 2*o**2 - 4*o + 6. What is the remainder when l(2) is divided by 28?
26
What is the remainder when 25 is divided by 0 + (-4 - -1)/((-36)/192)?
9
Suppose l = 4*d - 133, -3*d = -d - 4*l - 70. What is the remainder when d is divided by 17?
16
Suppose 359 = 5*s - g, -109 = -3*s + 4*g + 120. Calculate the remainder when s is divided by 36.
35
Let u(r) = -r**3 + 3*r**2 - 2*r + 4. Let g be u(3). What is the remainder when (-25 + g)*(-1)/3 is divided by 4?
1
Let p(s) = 6*s - 3. Let g be p(2). Let i(f) = f**2 - 9*f + 11. What is the remainder when 19 is divided by i(g)?
8
Suppose 65 = 5*b - 70. Let x = b + -14. Calculate the remainder when 25 is divided by x.
12
Let b(a) = 2*a**2 - a + 4. Let s be -2 - (-4)/(-2) - -1. What is the remainder when b(4) is divided by (-2)/s - 124/(-12)?
10
Suppose 2*n - 4*q = n - 6, 0 = -4*n + 3*q + 28. Suppose -d + 6*d = -n, 5*z - 5*d - 95 = 0. What is the remainder when z is divided by 5?
2
Let v = 480 - 325. What is the remainder when v is divided by 40?
35
Let u(t) = t**3 - 5*t**2 + 3. Calculate the remainder when 6/51 + 2960/272 is divided by u(5).
2
Suppose -5*k = m - 41, -4*k - 8 - 84 = -4*m. What is the remainder when m is divided by 5?
1
Let u(l) be the first derivative of -4*l**2 - 1/4*l**4 + 4*l - 8/3*l**3 + 1. What is the remainder when 30 is divided by u(-7)?
8
Let g = 121 + -76. Suppose p + 12 = z - 4*p, 4*z - 48 = -4*p. What is the remainder when g is divided by z?
9
Calculate the remainder when 9 is divided by 2/(-7) - 24/28*-5.
1
Let g = -7 + 9. Suppose -5*c + 338 = 4*l, -g*c - 4*l - 362 = -7*c. What is the remainder when c is divided by 24?
22
Let z = -6 - 4. Let m = -45 - -63. Let v = z + m. Calculate the remainder when v is divided by 3.
2
Suppose -6 = 3*l - 6*l + 4*f, 0 = l - 5*f - 13. Let b = 7 + l. Suppose 3*w - q = -31 + 106, -b*w + 136 = 2*q. What is the remainder when w is divided by 14?
12
Suppose -5*f + 10*f - 445 = 0. Calculate the remainder when f is divided by 23.
20
Suppose 4*o - 5*o + 19 = 0. Calculate the remainder when 73 is divided by o.
16
Let i(q) = q**3 + q**2 - 5*q + 6. Calculate the remainder when i(4) is divided by 17.
15
Calculate the remainder when 4 - (-4 - (69 - -4)) is divided by 21.
18
Let f(n) = 3*n**2 + 15*n - 17. Calculate the remainder when f(6) is divided by 13.
12
What is the remainder when 60/(-24)*136/(-10) is divided by 4/(-6) - (-116)/12?
7
Suppose -4*b = -2*f - 15 - 11, b - f - 9 = 0. Suppose 0*c - 4*c = b*z - 132, 0 = 5*c - 10. What is the remainder when z is divided by 16?
15
Suppose -8*q - 87 = -879. Calculate the remainder when q is divided by 25.
24
Let t(m) = -m**2 + 12*m. What is the remainder when t(8) is divided by (-1)/(((-4)/(-2))/(-22))?
10
Let j(i) = 3*i**2 + 14*i + 11. Let d be j(-11). Suppose -6*v + d = -2*v. Calculate the remainder when v is divided by (-39)/(-2) - 1/2.
17
Suppose 5*d + j = -0*j + 4, 3*j - 12 = 2*d. Let u = d + 1. Calculate the remainder when -3 - ((-16)/u + -3) is divided by 9.
7
Let w(r) be the second derivative of -r**3/6 - r**2/2 + r. Let j be w(9). Calculate the remainder when 17 is divided by (-8)/j*15/2.
5
Let u be (-62)/14 + (-12)/(-28). Let j be (-6)/u*(-16)/(-6). Suppose -j*a + 71 = -77. What is the remainder when a is divided by 19?
18
Let k = -42 + 71. Suppose -2*b + k = -9. Let s = 32 + -27. What is the remainder when b is divided by s?
4
Let i(m) = m**3 - 6*m**2 - 6*m - 3. Let g(a) = 2*a**3 - 13*a**2 - 13*a - 6. Let w(t) = 3*g(t) - 7*i(t). Calculate the remainder when 21 is divided by w(3).
9
Let l(w) = w**3 + 9*w**2 - w - 11. What is the remainder when l(-4) is divided by 26?
21
Let g be 3 - (-4)/((-8)/(-34)). Suppose -4*j + 0*j + g = 0, 5*m - 3*j = 165. What is the remainder when m is divided by 19?
17
Let l be ((-12)/7)/((-2)/14). Calculate the remainder when 24 is divided by (l - -1) + -2 + -2.
6
Let w be (-2)/(-4) + (-63)/(-14). Suppose -v - l = -w*l - 6, 5*v + 5*l - 5 = 0. Let b = 9 - v. Calculate the remainder when 25 is divided by b.
4
Let i(f) = f - 6. Let s be i(6). Suppose s = -j - 3*u - 2*u - 4, -5*j + 36 = -3*u. Calculate the remainder when 45 is divided by (-4)/j*345/(-10).
22
Let z = 64 - 29. Calculate the remainder when 66 is divided by z.
31
Let t(g) = g + 2. Let d be t(-3). Suppose 0*y + b + 282 = 4*y, 2*y = 5*b + 150. What is the remainder when (y/4)/(d/(-2)) is divided by 12?
11
Suppose 6*v - 50 = v. What is the remainder when ((-592)/96)/(2 + (-26)/12) is divided by v?
7
Let i(g) = g**3 - 9*g**2 - 6*g - 1. Let z be i(10). Let n = z - -16. Suppose 98 = 4*l + 22. What is the remainder when n is divided by l?
17
Let n be 5/2*(-8)/(-10). Suppose n*j - 116 = -3*y, -5*y + 3*j = -149 - 19. Let z = y + -25. What is the remainder when 32 is divided by z?
10
Suppose 0 = -3*y - p + 20, -3*p = 3*y - 0 - 30. Suppose -58 = -y*n - 23. What is the remainder when 12 is divided by n?
5
What is the remainder when 48 is divided by 14 - (2 - (2 + 3))?
14
Suppose 2*s - 1 = 3*s, -2*x - s - 15 = 0. Let h = x - -22. Calculate the remainder when 58 is divided by h.
13
Suppose -19*g = -17*g - 38. What is the remainder when 35 is divided by g?
16
Let b(r) = r**2 + 7*r + 8. Let d be 8/2 + 0/(-9). Suppose 3*y - 2*j - 9 - 1 = 0, -y = d*j + 6. What is the remainder when y is divided by b(-6)?
0
Let i(a) be the third derivative of a**5/60 - a**4/6 - a**3/6 + a**2. Let n be i(3). What is the remainder when (-904)/(-32) - (-1)/n is divided by 15?
13
Let v = 7 - 3. Suppose v*u = -3*i + u + 27, -u + 35 